e
Does 598 divide 3632698706?
True
Is 4909873860 a multiple of 27?
True
Is 252 a factor of 12080996?
False
Is 529485894 a multiple of 1179?
False
Is 255926229 a multiple of 7417?
False
Is 63133460 a multiple of 860?
True
Is 1028332458 a multiple of 127?
False
Does 40 divide 41364190?
False
Is 168105261 a multiple of 36?
False
Does 6 divide 9760194?
True
Does 3 divide 391866?
True
Is 274122 a multiple of 9?
True
Is 41499990 a multiple of 105?
True
Is 211 a factor of 84344439?
False
Is 5 a factor of 70630273?
False
Is 65615587 a multiple of 137?
False
Is 109 a factor of 511362818?
True
Does 27 divide 39372966?
True
Is 1240 a factor of 21445800?
True
Is 993670860 a multiple of 84?
True
Is 393723837 a multiple of 8?
False
Is 46 a factor of 55850703?
False
Is 1828 a factor of 103717064?
True
Does 8 divide 18820104?
True
Does 126 divide 28668528?
True
Does 115 divide 65761255?
True
Is 54 a factor of 13543146?
True
Is 577 a factor of 190225517?
False
Is 1794 a factor of 48091758?
True
Is 623 a factor of 8897080?
False
Is 1577848932 a multiple of 36?
True
Is 291088080 a multiple of 240?
True
Is 70123446 a multiple of 18?
True
Is 10 a factor of 91352030?
True
Is 78 a factor of 547065324?
True
Is 846 a factor of 1742478893?
False
Does 2130 divide 858444510?
False
Does 97 divide 10933161?
True
Is 86780151 a multiple of 29?
True
Is 16 a factor of 399359517?
False
Does 27 divide 1797552?
True
Does 780 divide 285590836?
False
Is 174 a factor of 136431501?
False
Does 1190 divide 666958246?
False
Does 423 divide 22191849?
True
Does 82 divide 621353419?
False
Is 1731148180 a multiple of 940?
True
Is 67224168 a multiple of 1782?
True
Is 31 a factor of 1524348321?
False
Does 235 divide 725968580?
True
Does 3 divide 104983265?
False
Is 81333548 a multiple of 44?
False
Is 134014538 a multiple of 14?
True
Is 4155685154 a multiple of 13790?
False
Is 58648014 a multiple of 34?
False
Is 34293969 a multiple of 27?
True
Is 214666007 a multiple of 200?
False
Does 79 divide 638248979?
True
Is 285 a factor of 65773440?
True
Does 95 divide 4806787295?
True
Is 343 a factor of 544788272?
True
Is 4936 a factor of 5243246675?
False
Is 38081744 a multiple of 16?
True
Does 102 divide 101292767?
False
Does 22 divide 159497636?
False
Is 69 a factor of 333562560?
True
Does 790 divide 137945825?
False
Is 9 a factor of 648127?
False
Does 4 divide 19371396?
True
Does 7 divide 567464529?
False
Does 25 divide 4718375?
True
Does 2729 divide 36909091?
False
Does 46 divide 169742208?
True
Is 46663169 a multiple of 600?
False
Does 138 divide 4037969191?
False
Is 63696618 a multiple of 4?
False
Does 1004 divide 115023690?
False
Is 2111812995 a multiple of 213?
True
Does 3 divide 30824151?
True
Is 10 a factor of 50025440?
True
Does 85 divide 74463910?
True
Does 27 divide 3769972?
False
Is 4232 a factor of 758878008?
True
Is 294314964 a multiple of 2311?
False
Does 137 divide 150954769?
False
Is 943 a factor of 830700494?
False
Is 2272 a factor of 672905474?
False
Does 1106 divide 417399976?
True
Is 157 a factor of 2664864934?
True
Does 795 divide 12844815?
True
Is 2180880905 a multiple of 151?
False
Is 35220220 a multiple of 7?
True
Does 25 divide 132608763?
False
Does 181 divide 1539812200?
False
Is 40 a factor of 6561323?
False
Does 169 divide 281075561?
True
Does 476 divide 23507260?
True
Is 176296 a multiple of 2?
True
Is 3 a factor of 28126590?
True
Is 41773244 a multiple of 6?
False
Does 29 divide 1578263723?
True
Does 2 divide 19806288?
True
Is 1297 a factor of 1752756721?
True
Is 75 a factor of 2373759?
False
Does 6 divide 41413055?
False
Is 13 a factor of 917277296?
True
Is 105798237 a multiple of 175?
False
Does 100 divide 1009708700?
True
Is 121 a factor of 6896042241?
False
Is 16882150 a multiple of 18?
False
Is 1114 a factor of 194040976?
True
Is 7 a factor of 730390?
False
Does 239 divide 134914783?
True
Does 275 divide 816920775?
True
Is 7839724 a multiple of 120?
False
Is 49669515 a multiple of 245?
False
Is 68 a factor of 57203232?
True
Does 22 divide 571131374?
True
Is 1403 a factor of 3325161283?
False
Does 215 divide 444644510?
True
Does 750 divide 79054752?
False
Does 22 divide 118199034?
False
Does 5 divide 11940103?
False
Does 2986 divide 1544062358?
False
Does 259 divide 301262876?
False
Is 326425123 a multiple of 17?
False
Does 74 divide 1925547657?
False
Is 28 a factor of 231815192?
True
Does 6 divide 6652327?
False
Is 21216516 a multiple of 348?
True
Is 4025267400 a multiple of 2265?
True
Is 120057549 a multiple of 503?
True
Is 1041525539 a multiple of 7?
False
Is 33 a factor of 92531901?
True
Does 43 divide 188470210?
False
Is 2653336241 a multiple of 391?
False
Is 4000 a factor of 7480195?
False
Does 17 divide 25682563?
True
Is 620 a factor of 3471893?
False
Does 86 divide 130703192?
False
Is 1107237371 a multiple of 8561?
False
Is 4088908 a multiple of 2?
True
Is 486695605 a multiple of 5327?
False
Does 2 divide 616105?
False
Does 3 divide 71454288?
True
Is 939877349 a multiple of 236?
False
Does 7 divide 5637219?
True
Is 275816970 a multiple of 2574?
True
Is 79411556 a multiple of 3332?
True
Is 213419535 a multiple of 35?
True
Is 85 a factor of 429544440?
True
Is 243364839 a multiple of 12?
False
Does 2077 divide 1225506849?
True
Is 3769675706 a multiple of 42?
False
Is 3870 a factor of 411836995?
False
Does 6 divide 975713130?
True
Is 1719 a factor of 3473305?
False
Is 60912129 a multiple of 315?
False
Does 176 divide 69300704?
True
Is 54 a factor of 1000579122?
True
Is 404798 a multiple of 3?
False
Does 8091 divide 3314737062?
True
Is 3906 a factor of 1623091428?
True
Is 125412774 a multiple of 6?
True
Is 101 a factor of 893069674?
True
Is 135987668 a multiple of 145?
False
Is 324 a factor of 52410888?
True
Does 115 divide 1631204448?
False
Is 303734886 a multiple of 129?
True
Does 1657 divide 43476366?
True
Is 243830154 a multiple of 315?
False
Does 59 divide 25212813?
False
Is 5414572774 a multiple of 26?
True
Is 35 a factor of 38081863?
False
Does 1593 divide 26047143?
True
Is 16856275 a multiple of 8?
False
Is 538 a factor of 2973526?
True
Is 51858586 a multiple of 739?
True
Is 858 a factor of 43901497?
False
Does 597 divide 2913973?
False
Does 5 divide 173894265?
True
Is 3520 a factor of 692581120?
True
Is 266 a factor of 3951696?
True
Does 296 divide 988196592?
True
Does 176 divide 6872229?
False
Does 5 divide 323185?
True
Does 1412 divide 59024769?
False
Is 4 a factor of 48171310?
False
Is 53850720 a multiple of 1705?
True
Is 3368672689 a multiple of 2161?
True
Does 75 divide 1751850?
True
Is 36 a factor of 2340856692?
True
Is 3769068 a multiple of 6?
True
Is 1348492720 a multiple of 201?
False
Is 32 a factor of 82415521?
False
Does 1767 divide 23681334?
True
Is 184127398 a multiple of 226?
True
Is 59 a factor of 1098643307?
True
Is 533912625 a multiple of 765?
True
Does 101 divide 332839642?
True
Does 56 divide 895486312?
True
Is 944960079 a multiple of 21?
True
Is 3793 a factor of 335820841?
True
Is 604 a factor of 26943232?
True
Does 5 divide 2877010?
True
Is 2 a factor of 51756169?
False
Does 2589 divide 55329519?
True
Is 35008718 a multiple of 1805?
False
Is 55937217 a multiple of 9?
False
Does 910 divide 1013059320?
True
Is 1546785630 a multiple of 51?
True
Does 4376 divide 183683283?
False
Is 3251 a factor of 1395313644?
False
Is 929869524 a multiple of 9?
True
Is 356107066 a multiple of 203?
True
Is 24305852 a multiple of 17?
True
Is 2587 a factor of 335914189?
True
Is 8 a factor of 314300288?
True
Does 628 divide 1022358649?
False
Is 881 a factor of 330131881?
False
Does 67 divide 24902554?
False
Is 72852277 a multiple of 30?
False
Does 24 divide 6621240?
True
Is 97474932 a multiple of 4689?
True
Does 9 divide 8759511?
True
Does 27 divide 4957362?
True
Is 4839518 a multiple of 12?
False
Is 975 a factor of 688138412?
False
Is 37751708 a multiple of 14?
False
Is 439 a factor of 52681706?
False
Is 16070455 a multiple of 9?
False
Is 1522067358 a multiple of 683?
False
Is 2150785284 a multiple of 1132?
True
Is 14570437 a multiple of 1819?
False
Is 26 a factor of 1082846456?
False
Is 146556250 a multiple of 36?
False
Is 1292 a factor of 1069265755?
False
Is 1160105 a multiple of 22?
False
Is 467496804 a multiple of 102?
True
Does 68 divide 115864